ase 11, what is -15 + 898?
883
In base 3, what is 12 + -1101?
-1012
In base 5, what is 0 + 203?
203
In base 16, what is -169 - d?
-176
In base 11, what is 8 + 11?
19
In base 2, what is 100 + -100?
0
In base 9, what is 820 - -7?
827
In base 13, what is -4 + 16?
12
In base 3, what is 0 + 100222?
100222
In base 9, what is -17 + 2123?
2105
In base 10, what is -7 - 2337?
-2344
In base 10, what is -4 + -1617?
-1621
In base 3, what is 0 + 120012?
120012
In base 3, what is -100202 + -102?
-101011
In base 2, what is 10110 - -100?
11010
In base 2, what is 10010 + 1001?
11011
In base 10, what is 1873 - 6?
1867
In base 2, what is 100011010 + -101?
100010101
In base 11, what is -864 - -5?
-85a
In base 9, what is -120 - 7?
-127
In base 4, what is -20 + -30312?
-30332
In base 3, what is -1101 - -10?
-1021
In base 13, what is -5 - -153?
14b
In base 12, what is -46 - -24?
-22
In base 10, what is 112 + 2?
114
In base 12, what is 19 + -7aa?
-791
In base 16, what is 94 - -3?
97
In base 6, what is 555 + 21?
1020
In base 2, what is -10000000 + 100?
-1111100
In base 11, what is aa + 10?
10a
In base 5, what is 110 + -1?
104
In base 5, what is 1 + 4?
10
In base 2, what is 10101011 - -100?
10101111
In base 4, what is 1212110 - -3?
1212113
In base 8, what is -12 + 231?
217
In base 16, what is -6e2b + 0?
-6e2b
In base 3, what is 12 - 10110?
-10021
In base 10, what is -4323 - 1?
-4324
In base 7, what is -33 - 22?
-55
In base 8, what is 1032 + -3?
1027
In base 16, what is 2 + -bb?
-b9
In base 16, what is -2 + 88?
86
In base 7, what is -15 - 156?
-204
In base 15, what is 1c - 10?
c
In base 4, what is 310 - 23?
221
In base 12, what is -12 - -1a7?
195
In base 16, what is 2 + 3f?
41
In base 3, what is -100 + -10002?
-10102
In base 3, what is -2 - -110000?
102221
In base 11, what is 5 - -181?
186
In base 7, what is -2 + -634?
-636
In base 8, what is 103 - -1?
104
In base 9, what is -3 - 5881?
-5884
In base 9, what is 1 + 70?
71
In base 9, what is -1212 - -18?
-1183
In base 7, what is 656 - -20?
1006
In base 10, what is 10 - 15?
-5
In base 4, what is -12332 - -11?
-12321
In base 14, what is -2 - 244?
-246
In base 15, what is 99dc + -4?
99d8
In base 10, what is 393 + 5?
398
In base 9, what is 3608 - 1?
3607
In base 16, what is -8c - -4?
-88
In base 13, what is -394 - -7?
-38a
In base 2, what is -10000 - -1111?
-1
In base 4, what is -11 + 210133?
210122
In base 16, what is 0 + -b?
-b
In base 14, what is -38c + 4?
-388
In base 9, what is -6 + -30?
-36
In base 7, what is -1 + -1022?
-1023
In base 6, what is -1035 + -4?
-1043
In base 6, what is 353 - 13?
340
In base 10, what is 0 - 87?
-87
In base 4, what is 12 - -1322?
2000
In base 14, what is -192 - 13?
-1a5
In base 2, what is 10000 + 1000?
11000
In base 4, what is 3 - -213?
222
In base 13, what is -3c + 102?
93
In base 14, what is 1646 - 5?
1641
In base 5, what is 214 + 12?
231
In base 9, what is -4 + 71?
66
In base 13, what is 3 + 26?
29
In base 11, what is -5 - 24?
-29
In base 3, what is -2200 - 11?
-2211
In base 5, what is 3 + 3?
11
In base 15, what is 1a - 19?
1
In base 6, what is -344 - 11?
-355
In base 14, what is -5 + -4b?
-52
In base 3, what is -21221 + -110?
-22101
In base 9, what is 38 - -60?
108
In base 4, what is -10 - 103?
-113
In base 4, what is 1003 + 102?
1111
In base 12, what is 893 + -4?
88b
In base 7, what is 420 + 4?
424
In base 8, what is 1007 - 13?
774
In base 9, what is 5 + -671?
-665
In base 5, what is 421 + -330?
41
In base 7, what is -5 + -340?
-345
In base 13, what is -81 - 5?
-86
In base 8, what is 12 - -1753?
1765
In base 13, what is 10 + 27?
37
In base 12, what is -3 - 34?
-37
In base 13, what is -ac9 - -5?
-ac4
In base 11, what is -3 - -297?
294
In base 13, what is -4 + -1c0b?
-1c12
In base 5, what is 122310 + 0?
122310
In base 4, what is 110231 + 1?
110232
In base 4, what is -10030 - 2?
-10032
In base 13, what is b6 - -10?
c6
In base 10, what is 7 + -21?
-14
In base 16, what is -12 + 50?
3e
In base 16, what is -6 - -3a?
34
In base 11, what is 1329 + -3?
1326
In base 2, what is -101101111 - 101?
-101110100
In base 11, what is 17459 + 2?
17460
In base 16, what is 3 - 51?
-4e
In base 13, what is 5 - 36?
-31
In base 8, what is 12 + -3?
7
In base 6, what is -102 - 0?
-102
In base 8, what is -637 - 2?
-641
In base 5, what is 10 + -132?
-122
In base 5, what is -12 + 4141?
4124
In base 6, what is -1025 - -50?
-535
In base 9, what is -283 - 2?
-285
In base 2, what is -100000000110 - 101?
-100000001011
In base 2, what is 111100001 - 10?
111011111
In base 2, what is 10 + 11111?
100001
In base 16, what is -10 + 5?
-b
In base 12, what is -34a + 1?
-349
In base 14, what is 4 - -49?
4d
In base 15, what is -7 - c2?
-c9
In base 10, what is -30 - 2?
-32
In base 3, what is -2 - -122?
120
In base 10, what is -2 + -1245?
-1247
In base 13, what is 23 + -1?
22
In base 8, what is -3 - -110?
105
In base 7, what is 0 - -11464?
11464
In base 8, what is 201 + 3?
204
In base 8, what is 0 - 22?
-22
In base 12, what is 4 - -a13?
a17
In base 16, what is 4 + f0?
f4
In base 6, what is 35 + 4?
43
In base 4, what is 1 + -1302?
-1301
In base 3, what is 120 - -11002?
11122
In base 4, what is 21 + 2100?
2121
In base 6, what is 10324 - 22?
10302
In base 4, what is -3310 - -1?
-3303
In base 15, what is 17 + -6?
11
In base 14, what is 2465 - -3?
2468
In base 5, what is -3 + -11042?
-11100
In base 14, what is 7 + 1c1?
1c8
In base 15, what is -15 + 2?
-13
In base 16, what is 1 - -2d?
2e
In base 16, what is -1 - e8?
-e9
In base 16, what is 71f - -4?
723
In base 7, what is -3142 + -5?
-3150
In base 14, what is 109c - 1?
109b
In base 9, what is 25 - -31?
56
In base 10, what is 253 - 86?
167
In base 2, what is -1110 + -10110001110?
-10110011100
In base 16, what is 1 + 3df?
3e0
In base 8, what is -14 - -26?
12
In base 4, what is 2022 - 11?
2011
In base 2, what is -1010101001 - 1000?
-1010110001
In base 3, what is -12 + -1012?
-1101
In base 14, what is -5 + 128?
123
In base 6, what is -20140 - -4?
-20132
In base 3, what is 12 - 1001?
-212
In base 10, what is 7 + 272?
279
In base 11, what is 925 - 3?
922
In base 2, what is -10010001 - 1111?
-10100000
In base 11, what is 42 - -2?
44
In base 11, what is 79 + -53?
26
In base 8, what is 100 + 11?
111
In base 7, what is 2602 - 1?
2601
In base 8, what is -120 + -3?
-123
In base 12, what is 6 - 5?
1
In base 9, what is 42 - -21?
63
In base 12, what is -10 - -8?
-4
In base 15, what is 23 - 10?
13
In base 8, what is 14 - -2?
16
In base 10, what is 2 - 8?
-6
In base 2, what is -1011111011 + 110?
-1011110101
In base 10, what is 17 - -293?
310
In base 9, what is -6288 + -2?
-6301
In base 3, what is -2100 - 0?
-2100
In base 3, what is 10 - 0?
10
In base 12, what is 4 + 89?
91
In base 11, what is -5 + 44?
3a
In base 7, what is 1 - 6113?
-6112
In base 3, what is 2 + -121221?
-121212
In base 15, what is 18c - 9?
183
In base 9, what is 12 - 152?
-140
In base 5, what is 1141 - -10?
1201
In base 5, what is 12 - 110?
-43
In base 11, what is 31 - 0?
31
In base 3, what is 11212 - -222?
12211
In base 9, what is 0 - 632?
-632
In base 9, what is 80 + -1?
78
In base 11, what is -278 + 1?
-277
In base 5, what is 2 + -111?
-104
In base 10, what is 2 + -52?
-50
In base 2, what is -11000010 - 111?
-11001001
In base 7, what is -2 + -120?
-122
In base 4, what is -3 - 132312?
-132321
In base 10, what is -598 - 8?
-606
In base 11, what is -63 + 14?
-4a
In base 3, what is 1 - -2001?
2002
In base 6, what is 113 + 30?
143
In base 14, what is -155d + -2?
-1561
In base 7, what is 1 + 562?
563
In base 13, what is 14 + -330?
-319
In base 16, what is d - 55?
-48
In base 8, what is 15 + -1?
14
In base 8, what is -3 - -120?
115
In base 3, what is 20 + 0?
20
In base 9, what is -2 + 4?
2
In base 16, what is 1d6a + 0?
1d6a
In base 4, what is -121 - -12?
-103
In base 5, what is -1 - 3011?
-3012
In base 2, what is 11011010 - 0?
11011010
In base 8, what is 6471 + 1?
6472
In base 3, what is -22 - 212?
-1011
In base 9, what is -1 + 1617?
1616
In base 16, what is 9f + -a?
95
In base 13, what is 2 - 18b?
-189
In base 3, what is -201 + -102?
-1010
In base 15, what is -58a + -3?
-58d
In base 5, what is 1113 + 11?
1124
In base 10, what is 0 - 47?
-47
In base 6, what is -3 + -1505?
-1512
In base 15, what is -1 + -114?
-115
In base 2, what is -100 + -10